{"id":24,"date":"2015-09-30T09:58:06","date_gmt":"2015-09-30T07:58:06","guid":{"rendered":"http:\/\/www.karate-aargau.ch\/akv\/?page_id=24"},"modified":"2025-12-25T05:07:44","modified_gmt":"2025-12-25T04:07:44","slug":"ueber-uns","status":"publish","type":"page","link":"http:\/\/karate-aargau.ch\/akv\/ueber-uns\/","title":{"rendered":"\u00dcber uns"},"content":{"rendered":"<p class=\"titles\"><span style=\"font-family: arial, helvetica, sans-serif; font-size: 14pt; color: #000000;\"><strong>AARGAUISCHER KARATEVERBAND<\/strong><\/span><\/p>\n<div class=\"vertical\">\n<div class=\"widget-wrapper free-text diy-resizable \">\n<div id=\"\" class=\"widget-body \">\n<div class=\"freetextarea\">\n<p><strong>Gegr\u00fcndet:<\/strong><br \/>\n19. Mai 2001 in Lenzburg<\/p>\n<p><strong>Zweck:<\/strong><br \/>\nDer AKV bezweckt die F\u00f6rderung und Pflege des traditionellen Karate-Do im Kanton Aargau.<\/p>\n<p><strong>Pr\u00e4senz<\/strong><br \/>\nDer AKV ist der offizielle Repr\u00e4sentant f\u00fcr das Aargauische Karate und Bindeglied zwischen den kantonalen Beh\u00f6rden und den Clubs. Der AKV ist Mitglied der Interessengemeinschaft Aargauischer Sportverb\u00e4nde (IASV).<\/p>\n<p><strong>Ziele:<\/strong><br \/>\nDer AKV setzt sich f\u00fcr die Jugend im Bereich Karate ein und n\u00fctzt daf\u00fcr die Unterst\u00fctzung von Kanton und Bund.<br \/>\nDer AKV f\u00f6rdert das Image des Karate in der \u00d6ffentlichkeit.<br \/>\nDer AKV f\u00f6rdert ein verbands- und stilunabh\u00e4ngiges Verst\u00e4ndnis f\u00fcr Karate.<br \/>\nDer AKV schafft Ausbildungsangebote im Bereich Sport, Schiedsrichter sowie J+S.<br \/>\nDer AKV f\u00fchrt Kantonalmeisterschaften durch.<\/p>\n<p><strong>Mitgliedschaft:<\/strong><br \/>\nGrunds\u00e4tzlich ist der AKV unabh\u00e4ngig von Karateorganisationen und Stilrichtungen. Alle Clubs, Vereine oder Schulen, die Karate-Do praktizieren und Sitz im Aargau haben, k\u00f6nnen Mitglied werden. Als Definition von Karate-Do werden die Bedingungen herangezogen, wie sie f\u00fcr die Aufnahme des Karate in J+S vom Schweizerischen Olympischen Verband (SOV) gefordert werden. Im Speziellen werden Clubs, Verein oder Schule, deren Wettkampfordnung die Trefferwirkung gestattet oder beabsichtigt, vom AKV ausgeschlossen.<\/p>\n<p>&nbsp;<\/p>\n<p>&nbsp;<\/p>\n<p>AKV Statuten 2016<br \/>\n<a href=\"http:\/\/karate-aargau.ch\/wp-content\/uploads\/AKV-Statuten-2016.pdf\" target=\"_blank\" rel=\"noopener\"><img loading=\"lazy\" decoding=\"async\" class=\"alignleft wp-image-4048 size-full\" src=\"http:\/\/karate-aargau.ch\/wp-content\/uploads\/statuten.png\" alt=\"\" width=\"154\" height=\"50\" \/><\/a><\/p>\n<p>&nbsp;<\/p>\n<p>&nbsp;<\/p>\n<p>Organigramm AKV November 2025<br \/>\n<a href=\"http:\/\/karate-aargau.ch\/wp-content\/uploads\/202511_Organigramm-AKV.pdf\" target=\"_blank\" rel=\"noopener\"><img loading=\"lazy\" decoding=\"async\" class=\"alignleft wp-image-2780 size-full\" src=\"http:\/\/karate-aargau.ch\/wp-content\/uploads\/organigramm.png\" alt=\"\" width=\"206\" height=\"50\" \/><\/a><\/p>\n<\/div>\n<\/div>\n<\/div>\n<\/div>\n<p>&nbsp;<\/p>\n<p>&nbsp;<\/p>\n<p>&nbsp;<\/p>\n","protected":false},"excerpt":{"rendered":"<p>AARGAUISCHER KARATEVERBAND Gegr\u00fcndet: 19. Mai 2001 in Lenzburg Zweck: Der AKV bezweckt die F\u00f6rderung und Pflege des traditionellen Karate-Do im<\/p>\n","protected":false},"author":1,"featured_media":0,"parent":0,"menu_order":0,"comment_status":"closed","ping_status":"closed","template":"","meta":{"colormag_page_container_layout":"no_sidebar_full_width","colormag_page_sidebar_layout":"no_sidebar","_lmt_disableupdate":"no","_lmt_disable":"no","footnotes":""},"class_list":["post-24","page","type-page","status-publish","hentry"],"_links":{"self":[{"href":"http:\/\/karate-aargau.ch\/akv\/wp-json\/wp\/v2\/pages\/24","targetHints":{"allow":["GET"]}}],"collection":[{"href":"http:\/\/karate-aargau.ch\/akv\/wp-json\/wp\/v2\/pages"}],"about":[{"href":"http:\/\/karate-aargau.ch\/akv\/wp-json\/wp\/v2\/types\/page"}],"author":[{"embeddable":true,"href":"http:\/\/karate-aargau.ch\/akv\/wp-json\/wp\/v2\/users\/1"}],"replies":[{"embeddable":true,"href":"http:\/\/karate-aargau.ch\/akv\/wp-json\/wp\/v2\/comments?post=24"}],"version-history":[{"count":22,"href":"http:\/\/karate-aargau.ch\/akv\/wp-json\/wp\/v2\/pages\/24\/revisions"}],"predecessor-version":[{"id":4361,"href":"http:\/\/karate-aargau.ch\/akv\/wp-json\/wp\/v2\/pages\/24\/revisions\/4361"}],"wp:attachment":[{"href":"http:\/\/karate-aargau.ch\/akv\/wp-json\/wp\/v2\/media?parent=24"}],"curies":[{"name":"wp","href":"https:\/\/api.w.org\/{rel}","templated":true}]}}

Über uns

<p class="titles"><span style="font-family: arial, helvetica, sans-serif; font-size: 14pt; color: #000000;"><strong>AARGAUISCHER KARATEVERBAND</strong></span></p>
<div class="vertical">
<div class="widget-wrapper free-text diy-resizable ">
<div id="" class="widget-body ">
<div class="freetextarea">
<p><strong>Gegründet:</strong><br />
19. Mai 2001 in Lenzburg</p>
<p><strong>Zweck:</strong><br />
Der AKV bezweckt die Förderung und Pflege des traditionellen Karate-Do im Kanton Aargau.</p>
<p><strong>Präsenz</strong><br />
Der AKV ist der offizielle Repräsentant für das Aargauische Karate und Bindeglied zwischen den kantonalen Behörden und den Clubs. Der AKV ist Mitglied der Interessengemeinschaft Aargauischer Sportverbände (IASV).</p>
<p><strong>Ziele:</strong><br />
Der AKV setzt sich für die Jugend im Bereich Karate ein und nützt dafür die Unterstützung von Kanton und Bund.<br />
Der AKV fördert das Image des Karate in der Öffentlichkeit.<br />
Der AKV fördert ein verbands- und stilunabhängiges Verständnis für Karate.<br />
Der AKV schafft Ausbildungsangebote im Bereich Sport, Schiedsrichter sowie J+S.<br />
Der AKV führt Kantonalmeisterschaften durch.</p>
<p><strong>Mitgliedschaft:</strong><br />
Grundsätzlich ist der AKV unabhängig von Karateorganisationen und Stilrichtungen. Alle Clubs, Vereine oder Schulen, die Karate-Do praktizieren und Sitz im Aargau haben, können Mitglied werden. Als Definition von Karate-Do werden die Bedingungen herangezogen, wie sie für die Aufnahme des Karate in J+S vom Schweizerischen Olympischen Verband (SOV) gefordert werden. Im Speziellen werden Clubs, Verein oder Schule, deren Wettkampfordnung die Trefferwirkung gestattet oder beabsichtigt, vom AKV ausgeschlossen.</p>
<p>&nbsp;</p>
<p>&nbsp;</p>
<p>AKV Statuten 2016<br />
<a href="http://karate-aargau.ch/wp-content/uploads/AKV-Statuten-2016.pdf" target="_blank" rel="noopener"><img loading="lazy" decoding="async" class="alignleft wp-image-4048 size-full" src="http://karate-aargau.ch/wp-content/uploads/statuten.png" alt="" width="154" height="50" /></a></p>
<p>&nbsp;</p>
<p>&nbsp;</p>
<p>Organigramm AKV November 2025<br />
<a href="http://karate-aargau.ch/wp-content/uploads/202511_Organigramm-AKV.pdf" target="_blank" rel="noopener"><img loading="lazy" decoding="async" class="alignleft wp-image-2780 size-full" src="http://karate-aargau.ch/wp-content/uploads/organigramm.png" alt="" width="206" height="50" /></a></p>
</div>
</div>
</div>
</div>
<p>&nbsp;</p>
<p>&nbsp;</p>
<p>&nbsp;</p>

<p>AARGAUISCHER KARATEVERBAND Gegründet: 19. Mai 2001 in Lenzburg Zweck: Der AKV bezweckt die Förderung und Pflege des traditionellen Karate-Do im</p>
